{"id":2334,"date":"2022-01-13T07:55:12","date_gmt":"2022-01-13T06:55:12","guid":{"rendered":"https:\/\/www.idigital3.net\/pvcoloringlese\/privacy-policy-cookies\/"},"modified":"2024-04-08T15:57:05","modified_gmt":"2024-04-08T13:57:05","slug":"privacy-policy-cookies","status":"publish","type":"page","link":"https:\/\/www.idigital3.net\/pvcoloringlese\/privacy-policy-cookies\/","title":{"rendered":"Privacy Policy &amp; Cookies"},"content":{"rendered":"\n<p><strong>Privacy policy<\/strong><\/p>\n\n<p>In ottemperanza degli obblighi derivanti dalla normativa nazionale e comunitaria in materia di tutela dei dati personali, il presente sito rispetta e tutela la riservatezza dei visitatori e degli utenti.<\/p>\n\n<p>La presente privacy policy si applica esclusivamente alle attivit\u00e0 online del presente sito ed \u00e8 valida per i visitatori\/utenti del sito. Non si applica alle informazioni raccolte tramite canali diversi dal presente sito web.<\/p>\n\n<p><strong>Consenso<\/strong><\/p>\n\n<p>Con l\u2019uso o la consultazione del presente sito i visitatori e gli utenti approvano esplicitamente la presente privacy policy e acconsentono all\u2019uso dei loro dati personali in relazione alle modalit\u00e0 e alle finalit\u00e0 qui sotto descritte.<\/p>\n\n<p><strong>Dati raccolti e finalit\u00e0<\/strong><\/p>\n\n<p>Come tutti i siti web anche il presente sito fa uso di log files nei quali vengono conservate informazioni raccolte in maniera automatizzata durante le visite degli utenti. Le informazioni raccolte possono essere le seguenti:<\/p>\n\n<p>A <strong>fini di sicurezza<\/strong> (filtri antispam, firewall, rilevazione virus), i dati registrati automaticamente possono eventualmente comprendere anche dati personali come l\u2019indirizzo Ip, che potrebbe essere utilizzato, conformemente alle leggi vigenti in materia, al fine di bloccare tentativi di danneggiamento al sito medesimo o di recare danno ad altri utenti, o comunque attivit\u00e0 dannose o costituenti reato. Tali dati non sono mai utilizzati per l\u2019identificazione o la profilazione dell\u2019utente, ma solo a fini di tutela del sito e dei suoi utenti.<\/p>\n\n<p>Qualora il sito consenta l\u2019inserimento di <strong>commenti<\/strong>, oppure in caso di <strong>specifici servizi richiesti dall\u2019utente<\/strong>, il sito rileva automaticamente e registra alcuni dati identificativi dell\u2019utente. Tali dati si intendono volontariamente forniti dall\u2019utente al momento dell\u2019erogazione del servizio. Inserendo un commento o altra informazione l\u2019utente accetta espressamente l\u2019informativa privacy, e in particolare acconsente che i contenuti inseriti siano liberamente diffusi anche a terzi.<\/p>\n\n<p>I dati ricevuti verranno utilizzati esclusivamente per l\u2019erogazione del servizio richiesto e per il solo tempo necessario per la fornitura del servizio.<\/p>\n\n<p>Le informazioni che gli utenti del sito riterranno di rendere pubbliche tramite i servizi e gli strumenti messi a disposizione degli stessi, sono fornite dall\u2019utente consapevolmente e volontariamente, esentando il presente sito da qualsiasi responsabilit\u00e0 in merito ad eventuali violazioni delle leggi. Spetta all\u2019utente verificare di avere i permessi per l\u2019immissione di dati personali di terzi o di contenuti tutelati dalle norme nazionali ed internazionali.<\/p>\n\n<p>Le informazioni che gli utenti del sito riterranno di rendere pubbliche tramite i servizi e gli strumenti messi a disposizione degli stessi, sono fornite dall\u2019utente consapevolmente e volontariamente, esentando il presente sito da qualsiasi responsabilit\u00e0 in merito ad eventuali violazioni delle leggi. Spetta all\u2019utente verificare di avere i permessi per l\u2019immissione di dati personali di terzi o di contenuti tutelati dalle norme nazionali ed internazionali.<\/p>\n\n<p>I dati raccolti dal sito sono trattati presso la sede del Titolare del Trattamento.<\/p>\n\n<p><strong>Cookie<\/strong><\/p>\n\n<p>Come \u00e8 d\u2019uso su tutti i siti web, anche il presente sito fa uso di cookies, piccoli file di testo che consentono di conservare informazioni sulle preferenze dei visitatori, per migliorare le funzionalit\u00e0 del sito, per semplificarne la navigazione automatizzando le procedure (es. Login, lingua sito) e per l\u2019analisi dell\u2019uso del sito.<\/p>\n\n<p>I cookie di sessione sono essenziali per poter distinguere tra gli utenti collegati, e sono utili per evitare che una funzionalit\u00e0 richiesta possa essere fornita all\u2019utente sbagliato, nonch\u00e9 a fini di sicurezza per impedire attacchi informatici al sito. I cookie di sessione non contengono dati personali e durano per la sola sessione in corso, cio\u00e8 fino alla chiusura del browser. Per essi non occorre consenso.<\/p>\n\n<p>I functionality cookie utilizzati dal sito sono strettamente necessari per l\u2019uso del sito, in particolare sono collegati ad una espressa richiesta di funzionalit\u00e0 da parte dell\u2019utente (come il Login), per i quali non occorre alcun consenso.<\/p>\n\n<p>Utilizzando il sito il visitatore acconsente espressamente all\u2019uso dei cookies.<\/p>\n\n<p><strong>Disabilitazione cookie<\/strong><\/p>\n\n<p>I cookies sono collegati al browser utilizzato e <strong>POSSONO ESSERE DISABILITATI DIRETTAMENTE DAL BROWSER<\/strong>, cos\u00ec rifiutando\/revocando il consenso all\u2019uso dei cookies. Occorre tenere presente che la disabilitazione dei cookies potrebbe impedire il corretto utilizzo di alcune funzioni del sito stesso.<\/p>\n\n<p>Le istruzioni per la disabilitazione dei cookies si trovano alle seguenti pagine web:<\/p>\n\n<p><strong>Mozilla Firefox<\/strong> \u2013 <a href=\"http:\/\/support.mozilla.org\/it\/kb\/Attivare%20e%20disattivare%20i%20cookie\">http:\/\/support.mozilla.org\/it\/kb\/Attivare%20e%20disattivare%20i%20cookie<\/a><br\/><strong>Windows Internet Explorer<\/strong> \u2013 <a href=\"http:\/\/windows.microsoft.com\/it-IT\/windows7\/Block-enable-or-allow-cookies\">http:\/\/support.mozilla.org\/it\/kb\/Attivare%20e%20disattivare%20i%20cookie<\/a><br\/><strong>Google Chrome<\/strong> \u2013 <a href=\"http:\/\/support.google.com\/chrome\/bin\/answer.py?hl=it&amp;answer=95647\">http:\/\/support.google.com\/chrome\/bin\/answer.py?hl=it&amp;answer=95647<\/a><br\/><strong>Opera<\/strong> \u2013 <a href=\"http:\/\/help.opera.com\/Windows\/10.00\/it\/cookies.html\">http:\/\/help.opera.com\/Windows\/10.00\/it\/cookies.html<\/a><br\/><strong>Apple Safari<\/strong> \u2013 <a href=\"https:\/\/support.apple.com\/it-it\/HT201265\">https:\/\/support.apple.com\/it-it\/HT201265<\/a><\/p>\n\n<p><strong>Cookies di terze parti<\/strong><\/p>\n\n<p>Il presente sito funge anche da intermediario per cookies di terze parti, utilizzati per poter fornire ulteriori servizi e funzionalit\u00e0 ai visitatori e per migliorare l\u2019uso del sito stesso, come i pulsanti per i social. La presente privacy policy non si applica ai servizi forniti da terze parti, e questo sito non ha alcun controllo sui loro cookies, interamente gestiti dalle terze parti. <strong>Il contratto di cessione dati avviene direttamente tra l\u2019utente\/visitatore e le terze parti<\/strong>, per cui l\u2019acquisizione del consenso per detti cookie \u00e8, ovviamente, a carico delle terze parti, mentre questo sito non partecipa in alcun modo a tale cessione. In conseguenza di ci\u00f2 le informazioni sull\u2019uso dei detti cookies e sulle finalit\u00e0 degli stessi, nonch\u00e9 sulle modalit\u00e0 per l\u2019eventuale disabilitazione, sono fornite direttamente dalle terze parti alle pagine qui sotto indicate.<\/p>\n\n<p>In particolare il presente sito utilizza cookies delle seguenti terze parti:<\/p>\n\n<p><strong>Google (Google Analytics cookie)<\/strong>: Google Analytics \u00e8 uno strumento di analisi di Google che attraverso l\u2019uso performance cookie raccoglie dati di navigazione anonimi (troncati all\u2019ultimo ottetto e non incrociati con quelli di altri servizi) allo scopo di esaminare l\u2019uso del sito da parte degli utenti, compilare report sulle attivit\u00e0 nel sito e fornire altre informazioni, compreso il numero dei visitatori e le pagine visitate. Google pu\u00f2 anche trasferire queste informazioni a terzi ove ci\u00f2 sia imposto dalla legge o laddove tali terzi trattino le suddette informazioni per conto di Google. Google non assocer\u00e0 l\u2019indirizzo Ip a nessun altro dato posseduto da Google.<br\/>Google (Youtube cookie). Youtube \u00e8 una piattaforma di propriet\u00e0 di Google, per la condivisione di video, che utilizza cookie per raccogliere informazioni degli utenti e dei dispositivi di navigazione.<\/p>\n\n<p>Per ulteriori informazioni sull\u2019uso dei dati e sul loro trattamento da parte di Google si raccomanda di prendere visione delle informazioni al seguente indirizzo internet: <a href=\"http:\/\/www.google.com\/intl\/it\/policies\/privacy\/\">http:\/\/www.google.com\/intl\/it\/policies\/privacy\/ .<\/a><\/p>\n\n<p>Ulteriori informazioni sui cookies di Google Analytics si trovano alla seguente pagina: <a href=\"https:\/\/developers.google.com\/analytics\/devguides\/collection\/analyticsjs\/cookie-usage\">https:\/\/developers.google.com\/analytics\/devguides\/collection\/analyticsjs\/cookie-usage<\/a><\/p>\n\n<p>L\u2019utente pu\u00f2 <strong>disabilitare<\/strong> in modo selettivo l\u2019azione di Google Analytics installando sul proprio browser l\u2019apposito componente fornito da Google (opt out). Per disabilitare la raccolta di dati da parte di Google Analytics, si rinvia al link di seguito indicato:<\/p>\n\n<p><a href=\"https:\/\/tools.google.com\/dlpage\/gaoptout\">https:\/\/tools.google.com\/dlpage\/gaoptout<\/a><\/p>\n\n<p>Questo sito incorpora anche plugin e\/o bottoni per i social network, al fine di consentire una facile condivisione dei contenuti sui vostri social network preferiti. Tali plugin non impostano un cookie, ma se esso \u00e8 gi\u00e0 presente sul computer del visitatore sono in grado di leggerlo ed utilizzarlo secondo le sue impostazioni. La raccolta e l\u2019uso delle informazioni da parte di tali terzi sono regolati dalle rispettive informative privacy alle quali si prega di fare riferimento.<\/p>\n\n<p><strong>Facebook<\/strong> \u2013 <a href=\"https:\/\/www.facebook.com\/about\/privacy\/\">https:\/\/www.facebook.com\/about\/privacy\/<\/a> (link informativa cookie <a href=\"https:\/\/www.facebook.com\/help\/cookies\/\">https:\/\/www.facebook.com\/help\/cookies\/<\/a> )<\/p>\n\n<p><strong>Twitter<\/strong> \u2013 <a href=\"https:\/\/twitter.com\/privacy?lang=it\">https:\/\/twitter.com\/privacy?lang=it<\/a> (link informativa cookie <a href=\"https:\/\/support.twitter.com\/articles\/20170519-uso-dei-cookie-e-di-altre-tecnologie-simili-da-parte-di-twitter\">https:\/\/support.twitter.com\/articles\/20170519-uso-dei-cookie-e-di-altre-tecnologie-simili-da-parte-di-twitter<\/a> )<\/p>\n\n<p><strong>LinkedIn<\/strong> \u2013 <a href=\"http:\/\/www.linkedin.com\/static?key=privacy_policy&amp;trk=hb_ft_priv\">http:\/\/www.linkedin.com\/static?key=privacy_policy&amp;trk=hb_ft_priv <\/a>(link informativa cookie <a href=\"https:\/\/www.linkedin.com\/legal\/cookie-policy\">https:\/\/www.linkedin.com\/legal\/cookie-policy<\/a> )<\/p>\n\n<p><strong>Google+<\/strong> \u2013 <a href=\"http:\/\/www.google.com\/intl\/it\/policies\/privacy\/\">http:\/\/www.google.com\/intl\/it\/policies\/privacy\/<\/a> (link informativa cookie <a href=\"http:\/\/www.google.it\/intl\/it\/policies\/technologies\/cookies\/\">http:\/\/www.google.it\/intl\/it\/policies\/technologies\/cookies\/<\/a> ).<\/p>\n\n<p><strong>Trasferimento di dati in paesi extra UE<\/strong><\/p>\n\n<p>Il presente sito potrebbe condividere alcuni dei dati raccolti con servizi localizzati al di fuori dell\u2019area dell\u2019Unione Europea. Il trasferimento \u00e8 autorizzato in base a specifiche decisioni dell\u2019Unione Europea e del Garante per la tutela dei dati personali <a href=\"http:\/\/www.garanteprivacy.it\/home\/provvedimenti-normativa\/normativa\/normativa-comunitaria-e-intenazionale\/trasferimento-dei-dati-verso-paesi-terzi\">http:\/\/www.garanteprivacy.it\/home\/provvedimenti-normativa\/normativa\/normativa-comunitaria-e-intenazionale\/trasferimento-dei-dati-verso-paesi-terzi<\/a> , per cui non occorre ulteriore consenso.<\/p>\n\n<p><strong>Misure di sicurezza<\/strong><\/p>\n\n<p>Il presente sito tratta i dati degli utenti in maniera lecita e corretta, adottando le opportune <strong>misure di sicurezza<\/strong> volte ad impedire accessi non autorizzati, divulgazione, modifica o distruzione non autorizzata dei dati. Il trattamento viene effettuato mediante strumenti informatici e\/o telematici, con modalit\u00e0 organizzative e con logiche strettamente correlate alle finalit\u00e0 indicate. Oltre al titolare, in alcuni casi, potrebbero avere accesso ai dati categorie di incaricati coinvolti nell\u2019organizzazione del sito (personale amministrativo, commerciale, marketing, legali, amministratori di sistema) ovvero soggetti esterni (come fornitori di servizi tecnici terzi, corrieri postali, hosting provider, societ\u00e0 informatiche, agenzie di comunicazione).<\/p>\n\n<p><strong>Diritti dell\u2019utente<\/strong><\/p>\n\n<p>Gli utenti (interessati al trattamento) hanno il diritto in qualunque momento di ottenere la conferma dell\u2019esistenza o meno di dati loro afferenti, di conoscerne il contenuto e l\u2019origine, di verificarne l\u2019esattezza o chiederne l\u2019integrazione, la cancellazione, l\u2019aggiornamento, la rettifica, la trasformazione in forma anonima o il blocco dei dati trattati in violazione di legge, nonch\u00e9 di opporsi in ogni caso, per motivi legittimi, al loro trattamento, e comunque hanno tutti i diritti precisati nell\u2019art. 7 del Codice Privacy <a href=\"https:\/\/www.garanteprivacy.it\/codice\">https:\/\/www.garanteprivacy.it\/codice<\/a> .<\/p>\n\n<p>Le richieste vanno rivolte al Titolare del trattamento.<\/p>\n\n<p><strong>Aggiornamenti<\/strong><\/p>\n\n<p>La presente privacy policy \u00e8 aggiornata alla data del 26-01-2022.<\/p>\n","protected":false},"excerpt":{"rendered":"<p>Privacy policy In ottemperanza degli obblighi derivanti dalla normativa nazionale e &#8230; <\/p>\n","protected":false},"author":2,"featured_media":0,"parent":0,"menu_order":0,"comment_status":"closed","ping_status":"closed","template":"","meta":{"footnotes":""},"class_list":["post-2334","page","type-page","status-publish","hentry"],"_links":{"self":[{"href":"https:\/\/www.idigital3.net\/pvcoloringlese\/wp-json\/wp\/v2\/pages\/2334","targetHints":{"allow":["GET"]}}],"collection":[{"href":"https:\/\/www.idigital3.net\/pvcoloringlese\/wp-json\/wp\/v2\/pages"}],"about":[{"href":"https:\/\/www.idigital3.net\/pvcoloringlese\/wp-json\/wp\/v2\/types\/page"}],"author":[{"embeddable":true,"href":"https:\/\/www.idigital3.net\/pvcoloringlese\/wp-json\/wp\/v2\/users\/2"}],"replies":[{"embeddable":true,"href":"https:\/\/www.idigital3.net\/pvcoloringlese\/wp-json\/wp\/v2\/comments?post=2334"}],"version-history":[{"count":2,"href":"https:\/\/www.idigital3.net\/pvcoloringlese\/wp-json\/wp\/v2\/pages\/2334\/revisions"}],"predecessor-version":[{"id":2336,"href":"https:\/\/www.idigital3.net\/pvcoloringlese\/wp-json\/wp\/v2\/pages\/2334\/revisions\/2336"}],"wp:attachment":[{"href":"https:\/\/www.idigital3.net\/pvcoloringlese\/wp-json\/wp\/v2\/media?parent=2334"}],"curies":[{"name":"wp","href":"https:\/\/api.w.org\/{rel}","templated":true}]}}